{"id":3083,"date":"2022-01-31T11:53:19","date_gmt":"2022-01-31T11:53:19","guid":{"rendered":"https:\/\/crazyworldcup.ch\/?page_id=3083"},"modified":"2022-05-04T06:23:17","modified_gmt":"2022-05-04T06:23:17","slug":"competition-registration-2","status":"publish","type":"page","link":"https:\/\/crazyworldcup.ch\/?page_id=3083","title":{"rendered":"Turnieranmeldung"},"content":{"rendered":"<div data-colibri-id=\"3083-c1\" class=\"style-984 style-local-3083-c1 position-relative\">\n  <!---->\n  <div data-colibri-component=\"section\" data-colibri-id=\"3083-c2\" id=\"custom\" class=\"h-section h-section-global-spacing d-flex align-items-lg-center align-items-md-center align-items-center style-985 style-local-3083-c2 position-relative\">\n    <!---->\n    <!---->\n    <div class=\"h-section-grid-container h-section-boxed-container\">\n      <!---->\n      <div data-colibri-id=\"3083-c3\" class=\"h-row-container gutters-row-lg-2 gutters-row-md-2 gutters-row-0 gutters-row-v-lg-2 gutters-row-v-md-2 gutters-row-v-2 style-986 style-local-3083-c3 position-relative\">\n        <!---->\n        <div class=\"h-row justify-content-lg-center justify-content-md-center justify-content-center align-items-lg-stretch align-items-md-stretch align-items-stretch gutters-col-lg-2 gutters-col-md-2 gutters-col-0 gutters-col-v-lg-2 gutters-col-v-md-2 gutters-col-v-2\">\n          <!---->\n          <div class=\"h-column h-column-container d-flex h-col-lg-auto h-col-md-auto h-col-auto style-987-outer style-local-3083-c4-outer\">\n            <div data-colibri-id=\"3083-c4\" class=\"d-flex h-flex-basis h-column__inner h-px-lg-2 h-px-md-2 h-px-2 v-inner-lg-2 v-inner-md-2 v-inner-2 style-987 style-local-3083-c4 position-relative\">\n              <!---->\n              <!---->\n              <div class=\"w-100 h-y-container h-column__content h-column__v-align flex-basis-100 align-self-lg-start align-self-md-start align-self-start\">\n                <!---->\n                <div data-colibri-id=\"3083-c5\" class=\"h-global-transition-all h-heading style-988 style-local-3083-c5 position-relative h-element\">\n                  <!---->\n                  <div class=\"h-heading__outer style-988 style-local-3083-c5\">\n                    <!---->\n                    <!---->\n                    <h2 class=\"\">Informationen f\u00fcr Turniert\u00e4nzer:innen<\/h2>\n                  <\/div>\n                <\/div>\n              <\/div>\n            <\/div>\n          <\/div>\n        <\/div>\n      <\/div>\n    <\/div>\n  <\/div>\n  <div data-colibri-component=\"section\" data-colibri-id=\"3083-c6\" id=\"custom-2\" class=\"h-section h-section-global-spacing d-flex align-items-lg-center align-items-md-center align-items-center style-989 style-local-3083-c6 position-relative\">\n    <!---->\n    <!---->\n    <div class=\"h-section-grid-container h-section-boxed-container\">\n      <!---->\n      <div data-colibri-id=\"3083-c7\" class=\"h-row-container gutters-row-lg-2 gutters-row-md-2 gutters-row-0 gutters-row-v-lg-2 gutters-row-v-md-2 gutters-row-v-2 style-1403 style-local-3083-c7 position-relative\">\n        <!---->\n        <div class=\"h-row justify-content-lg-center justify-content-md-center justify-content-center align-items-lg-stretch align-items-md-stretch align-items-stretch gutters-col-lg-2 gutters-col-md-2 gutters-col-0 gutters-col-v-lg-2 gutters-col-v-md-2 gutters-col-v-2\">\n          <!---->\n          <div class=\"h-column h-column-container d-flex h-col-lg-auto h-col-md-auto h-col-auto style-1404-outer style-local-3083-c8-outer\">\n            <div data-colibri-id=\"3083-c8\" class=\"d-flex h-flex-basis h-column__inner h-px-lg-2 h-px-md-2 h-px-2 v-inner-lg-2 v-inner-md-2 v-inner-2 style-1404 style-local-3083-c8 position-relative\">\n              <!---->\n              <!---->\n              <div class=\"w-100 h-y-container h-column__content h-column__v-align flex-basis-100 align-self-lg-start align-self-md-start align-self-start\">\n                <!---->\n                <div data-colibri-id=\"3083-c9\" class=\"h-x-container style-1405 style-local-3083-c9 position-relative h-element\">\n                  <!---->\n                  <div class=\"h-x-container-inner style-dynamic-3083-c9-group style-1405-spacing style-local-3083-c9-spacing\"><span class=\"h-link__outer style-1406-outer style-local-3083-c10-outer d-inline-flex h-element\"><a h-use-smooth-scroll=\"true\" href=\"https:\/\/crazyworldcup.ch\/wp-content\/uploads\/2022\/05\/Information-letter-no.-2.pdf\"  data-colibri-id=\"3083-c10\" class=\"d-flex w-100 align-items-center h-link style-1406 style-local-3083-c10 position-relative\"><!----><!----> <span>Information Letter 2: Turnierkategorien<\/span><\/a>\n                    <\/span>\n                  <\/div>\n                <\/div>\n                <div data-colibri-id=\"3083-c11\" class=\"h-x-container style-1407 style-local-3083-c11 position-relative h-element\">\n                  <!---->\n                  <div class=\"h-x-container-inner style-dynamic-3083-c11-group style-1407-spacing style-local-3083-c11-spacing\"><span class=\"h-link__outer style-1408-outer style-local-3083-c12-outer d-inline-flex h-element\"><a h-use-smooth-scroll=\"true\" href=\"https:\/\/crazyworldcup.ch\/wp-content\/uploads\/2022\/05\/Information-letter-no.-3.pdf\"  data-colibri-id=\"3083-c12\" class=\"d-flex w-100 align-items-center h-link style-1408 style-local-3083-c12 position-relative\"><!----><!----> <span>Information Letter 3: Transfers, Mahlzeiten, Tickets<\/span><\/a>\n                    <\/span>\n                  <\/div>\n                <\/div>\n              <\/div>\n            <\/div>\n          <\/div>\n        <\/div>\n      <\/div>\n      <div data-colibri-id=\"3083-c13\" class=\"h-row-container gutters-row-lg-2 gutters-row-md-2 gutters-row-0 gutters-row-v-lg-2 gutters-row-v-md-2 gutters-row-v-2 style-990 style-local-3083-c13 position-relative\">\n        <!---->\n        <div class=\"h-row justify-content-lg-center justify-content-md-center justify-content-center align-items-lg-stretch align-items-md-stretch align-items-stretch gutters-col-lg-2 gutters-col-md-2 gutters-col-0 gutters-col-v-lg-2 gutters-col-v-md-2 gutters-col-v-2\">\n          <!---->\n          <div class=\"h-column h-column-container d-flex h-col-lg-auto h-col-md-auto h-col-auto style-991-outer style-local-3083-c14-outer\">\n            <div data-colibri-id=\"3083-c14\" class=\"d-flex h-flex-basis h-column__inner h-px-lg-2 h-px-md-2 h-px-2 v-inner-lg-2 v-inner-md-2 v-inner-2 style-991 style-local-3083-c14 position-relative\">\n              <!---->\n              <!---->\n              <div class=\"w-100 h-y-container h-column__content h-column__v-align flex-basis-100 align-self-lg-start align-self-md-start align-self-start\">\n                <!---->\n                <div data-colibri-id=\"3083-c15\" class=\"h-global-transition-all h-heading style-992 style-local-3083-c15 position-relative h-element\">\n                  <!---->\n                  <div class=\"h-heading__outer style-992 style-local-3083-c15\">\n                    <!---->\n                    <!---->\n                    <h4 class=\"\">WRRC-Turnier<\/h4>\n                  <\/div>\n                <\/div>\n              <\/div>\n            <\/div>\n          <\/div>\n        <\/div>\n      <\/div>\n      <div data-colibri-id=\"3083-c16\" class=\"h-row-container gutters-row-lg-2 gutters-row-md-2 gutters-row-0 gutters-row-v-lg-2 gutters-row-v-md-2 gutters-row-v-2 style-993 style-local-3083-c16 position-relative\">\n        <!---->\n        <div class=\"h-row justify-content-lg-center justify-content-md-center justify-content-center align-items-lg-stretch align-items-md-stretch align-items-stretch gutters-col-lg-2 gutters-col-md-2 gutters-col-0 gutters-col-v-lg-2 gutters-col-v-md-2 gutters-col-v-2\">\n          <!---->\n          <div class=\"h-column h-column-container d-flex h-col-lg-auto h-col-md-auto h-col-auto style-994-outer style-local-3083-c17-outer\">\n            <div data-colibri-id=\"3083-c17\" class=\"d-flex h-flex-basis h-column__inner h-px-lg-2 h-px-md-2 h-px-2 v-inner-lg-2 v-inner-md-2 v-inner-2 style-994 style-local-3083-c17 position-relative\">\n              <!---->\n              <!---->\n              <div class=\"w-100 h-y-container h-column__content h-column__v-align flex-basis-100 align-self-lg-start align-self-md-start align-self-start\">\n                <!---->\n                <div data-colibri-id=\"3083-c18\" class=\"h-text h-text-component style-995 style-local-3083-c18 position-relative h-element\">\n                  <!---->\n                  <!---->\n                  <div class=\"\">\n                    <p>Unter dem folgenden Link k\u00f6nnen WRRC-T\u00e4nzer:innen, die sich \u00fcber ihren nationalen Verband angemeldet haben, Coach- und Fantickets sowie Mahlzeiten und Flughafentransfers buchen:\n                      <br>\n                    <\/p>\n                  <\/div>\n                <\/div>\n              <\/div>\n            <\/div>\n          <\/div>\n        <\/div>\n      <\/div>\n      <div data-colibri-id=\"3083-c19\" class=\"h-row-container gutters-row-lg-2 gutters-row-md-2 gutters-row-0 gutters-row-v-lg-2 gutters-row-v-md-2 gutters-row-v-2 style-996 style-local-3083-c19 position-relative\">\n        <!---->\n        <div class=\"h-row justify-content-lg-center justify-content-md-center justify-content-center align-items-lg-stretch align-items-md-stretch align-items-stretch gutters-col-lg-2 gutters-col-md-2 gutters-col-0 gutters-col-v-lg-2 gutters-col-v-md-2 gutters-col-v-2\">\n          <!---->\n          <div class=\"h-column h-column-container d-flex h-col-lg-auto h-col-md-auto h-col-auto style-997-outer style-local-3083-c20-outer\">\n            <div data-colibri-id=\"3083-c20\" class=\"d-flex h-flex-basis h-column__inner h-px-lg-2 h-px-md-2 h-px-2 v-inner-lg-2 v-inner-md-2 v-inner-2 style-997 style-local-3083-c20 position-relative\">\n              <!---->\n              <!---->\n              <div class=\"w-100 h-y-container h-column__content h-column__v-align flex-basis-100 align-self-lg-start align-self-md-start align-self-start\">\n                <!---->\n                <div data-colibri-id=\"3083-c21\" class=\"h-x-container style-998 style-local-3083-c21 position-relative h-element\">\n                  <!---->\n                  <div class=\"h-x-container-inner style-dynamic-3083-c21-group style-998-spacing style-local-3083-c21-spacing\"><span class=\"h-link__outer style-999-outer style-local-3083-c22-outer d-inline-flex h-element\"><a h-use-smooth-scroll=\"true\" href=\" https:\/\/boogieweekend.ch\/world-cup-2022\/\"  data-colibri-id=\"3083-c22\" class=\"d-flex w-100 align-items-center h-link style-999 style-local-3083-c22 position-relative\"><!----><!----> <span>Buchung von Coach-\/Fantickets + Mahlzeiten + Transfers f\u00fcr WRRC-T\u00e4nzer:innen<\/span><\/a>\n                    <\/span>\n                  <\/div>\n                <\/div>\n              <\/div>\n            <\/div>\n          <\/div>\n        <\/div>\n      <\/div>\n    <\/div>\n  <\/div>\n  <div data-colibri-component=\"section\" data-colibri-id=\"3083-c23\" id=\"custom-3\" class=\"h-section h-section-global-spacing d-flex align-items-lg-center align-items-md-center align-items-center style-1000 style-local-3083-c23 position-relative\">\n    <!---->\n    <!---->\n    <div class=\"h-section-grid-container h-section-boxed-container\">\n      <!---->\n      <div data-colibri-id=\"3083-c24\" class=\"h-row-container gutters-row-lg-2 gutters-row-md-2 gutters-row-0 gutters-row-v-lg-2 gutters-row-v-md-2 gutters-row-v-2 style-1001 style-local-3083-c24 position-relative\">\n        <!---->\n        <div class=\"h-row justify-content-lg-center justify-content-md-center justify-content-center align-items-lg-stretch align-items-md-stretch align-items-stretch gutters-col-lg-2 gutters-col-md-2 gutters-col-0 gutters-col-v-lg-2 gutters-col-v-md-2 gutters-col-v-2\">\n          <!---->\n          <div class=\"h-column h-column-container d-flex h-col-lg-auto h-col-md-auto h-col-auto style-1002-outer style-local-3083-c25-outer\">\n            <div data-colibri-id=\"3083-c25\" class=\"d-flex h-flex-basis h-column__inner h-px-lg-2 h-px-md-2 h-px-2 v-inner-lg-2 v-inner-md-2 v-inner-2 style-1002 style-local-3083-c25 position-relative\">\n              <!---->\n              <!---->\n              <div class=\"w-100 h-y-container h-column__content h-column__v-align flex-basis-100 align-self-lg-start align-self-md-start align-self-start\">\n                <!---->\n                <div data-colibri-id=\"3083-c26\" class=\"h-global-transition-all h-heading style-1003 style-local-3083-c26 position-relative h-element\">\n                  <!---->\n                  <div class=\"h-heading__outer style-1003 style-local-3083-c26\">\n                    <!---->\n                    <!---->\n                    <h4 class=\"\">Social competition<\/h4>\n                  <\/div>\n                <\/div>\n              <\/div>\n            <\/div>\n          <\/div>\n        <\/div>\n      <\/div>\n      <div data-colibri-id=\"3083-c27\" class=\"h-row-container gutters-row-lg-2 gutters-row-md-2 gutters-row-0 gutters-row-v-lg-2 gutters-row-v-md-2 gutters-row-v-2 style-1004 style-local-3083-c27 position-relative\">\n        <!---->\n        <div class=\"h-row justify-content-lg-center justify-content-md-center justify-content-center align-items-lg-stretch align-items-md-stretch align-items-stretch gutters-col-lg-2 gutters-col-md-2 gutters-col-0 gutters-col-v-lg-2 gutters-col-v-md-2 gutters-col-v-2\">\n          <!---->\n          <div class=\"h-column h-column-container d-flex h-col-lg-auto h-col-md-auto h-col-auto style-1005-outer style-local-3083-c28-outer\">\n            <div data-colibri-id=\"3083-c28\" class=\"d-flex h-flex-basis h-column__inner h-px-lg-2 h-px-md-2 h-px-2 v-inner-lg-2 v-inner-md-2 v-inner-2 style-1005 style-local-3083-c28 position-relative\">\n              <!---->\n              <!---->\n              <div class=\"w-100 h-y-container h-column__content h-column__v-align flex-basis-100 align-self-lg-start align-self-md-start align-self-start\">\n                <!---->\n                <div data-colibri-id=\"3083-c29\" class=\"h-text h-text-component style-1006 style-local-3083-c29 position-relative h-element\">\n                  <!---->\n                  <!---->\n                  <div class=\"\">\n                    <p>F\u00fcr die Kategorien Mix &amp; Match und Swing Showcase kannst du dich unter folgendem Link anmelden und Fantickets buchen, wenn du nicht am WRRC-Turnier teilnimmst:<\/p>\n                  <\/div>\n                <\/div>\n              <\/div>\n            <\/div>\n          <\/div>\n        <\/div>\n      <\/div>\n      <div data-colibri-id=\"3083-c30\" class=\"h-row-container gutters-row-lg-2 gutters-row-md-2 gutters-row-0 gutters-row-v-lg-2 gutters-row-v-md-2 gutters-row-v-2 style-1207 style-local-3083-c30 position-relative\">\n        <!---->\n        <div class=\"h-row justify-content-lg-center justify-content-md-center justify-content-center align-items-lg-stretch align-items-md-stretch align-items-stretch gutters-col-lg-2 gutters-col-md-2 gutters-col-0 gutters-col-v-lg-2 gutters-col-v-md-2 gutters-col-v-2\">\n          <!---->\n          <div class=\"h-column h-column-container d-flex h-col-lg-auto h-col-md-auto h-col-auto style-1208-outer style-local-3083-c31-outer\">\n            <div data-colibri-id=\"3083-c31\" class=\"d-flex h-flex-basis h-column__inner h-px-lg-2 h-px-md-2 h-px-2 v-inner-lg-2 v-inner-md-2 v-inner-2 style-1208 style-local-3083-c31 position-relative\">\n              <!---->\n              <!---->\n              <div class=\"w-100 h-y-container h-column__content h-column__v-align flex-basis-100 align-self-lg-start align-self-md-start align-self-start\">\n                <!---->\n                <div data-colibri-id=\"3083-c32\" class=\"h-x-container style-1209 style-local-3083-c32 position-relative h-element\">\n                  <!---->\n                  <div class=\"h-x-container-inner style-dynamic-3083-c32-group style-1209-spacing style-local-3083-c32-spacing\"><span class=\"h-link__outer style-1210-outer style-local-3083-c33-outer d-inline-flex h-element\"><a h-use-smooth-scroll=\"true\" href=\"https:\/\/boogieweekend.ch\/world-cup-mix-match\/\"  data-colibri-id=\"3083-c33\" class=\"d-flex w-100 align-items-center h-link style-1210 style-local-3083-c33 position-relative\"><!----><!----> <span>Anmeldung Mix &amp; Match und Swing Showcase sowie Buchung von Fantickets<\/span><\/a>\n                    <\/span>\n                  <\/div>\n                <\/div>\n              <\/div>\n            <\/div>\n          <\/div>\n        <\/div>\n      <\/div>\n    <\/div>\n  <\/div>\n<\/div>","protected":false},"excerpt":{"rendered":"<p>Informationen f\u00fcr Turniert\u00e4nzer:innen Information Letter 2: Turnierkategorien Information Letter 3: Transfers, Mahlzeiten, Tickets WRRC-Turnier Unter dem folgenden Link k\u00f6nnen WRRC-T\u00e4nzer:innen, die sich \u00fcber ihren nationalen Verband angemeldet haben, Coach- und Fantickets sowie Mahlzeiten und Flughafentransfers buchen: Buchung von Coach-\/Fantickets + Mahlzeiten + Transfers f\u00fcr WRRC-T\u00e4nzer:innen Social competition F\u00fcr die Kategorien Mix &amp; Match und Swing [&hellip;]<\/p>\n","protected":false},"author":2,"featured_media":0,"parent":0,"menu_order":0,"comment_status":"closed","ping_status":"closed","template":"page-templates\/full-width-page.php","meta":[],"uagb_featured_image_src":{"full":false,"thumbnail":false,"medium":false,"medium_large":false,"large":false,"1536x1536":false,"2048x2048":false},"uagb_author_info":{"display_name":"r w","author_link":"https:\/\/crazyworldcup.ch\/?author=2"},"uagb_comment_info":0,"uagb_excerpt":"Informationen f\u00fcr Turniert\u00e4nzer:innen Information Letter 2: Turnierkategorien Information Letter 3: Transfers, Mahlzeiten, Tickets WRRC-Turnier Unter dem folgenden Link k\u00f6nnen WRRC-T\u00e4nzer:innen, die sich \u00fcber ihren nationalen Verband angemeldet haben, Coach- und Fantickets sowie Mahlzeiten und Flughafentransfers buchen: Buchung von Coach-\/Fantickets + Mahlzeiten + Transfers f\u00fcr WRRC-T\u00e4nzer:innen Social competition F\u00fcr die Kategorien Mix &amp; Match und Swing&hellip;","_links":{"self":[{"href":"https:\/\/crazyworldcup.ch\/index.php?rest_route=\/wp\/v2\/pages\/3083"}],"collection":[{"href":"https:\/\/crazyworldcup.ch\/index.php?rest_route=\/wp\/v2\/pages"}],"about":[{"href":"https:\/\/crazyworldcup.ch\/index.php?rest_route=\/wp\/v2\/types\/page"}],"author":[{"embeddable":true,"href":"https:\/\/crazyworldcup.ch\/index.php?rest_route=\/wp\/v2\/users\/2"}],"replies":[{"embeddable":true,"href":"https:\/\/crazyworldcup.ch\/index.php?rest_route=%2Fwp%2Fv2%2Fcomments&post=3083"}],"version-history":[{"count":12,"href":"https:\/\/crazyworldcup.ch\/index.php?rest_route=\/wp\/v2\/pages\/3083\/revisions"}],"predecessor-version":[{"id":3675,"href":"https:\/\/crazyworldcup.ch\/index.php?rest_route=\/wp\/v2\/pages\/3083\/revisions\/3675"}],"wp:attachment":[{"href":"https:\/\/crazyworldcup.ch\/index.php?rest_route=%2Fwp%2Fv2%2Fmedia&parent=3083"}],"curies":[{"name":"wp","href":"https:\/\/api.w.org\/{rel}","templated":true}]}}